 of (-17 - 1)*(-4)/n.
2, 3
Let s = 4 + 8. What are the prime factors of s?
2, 3
Suppose 17 = -u + 20. Suppose -4 = 3*v - 34. Suppose 41 = u*o - 5*r, 3*r - v + 73 = 5*o. What are the prime factors of o?
2, 3
Suppose 3*n = -n. Suppose 0*u + 65 = 5*o + 5*u, 2*o - 3*u - 11 = n. Let d = 6 + o. List the prime factors of d.
2
Suppose 5*c = 4*z - 59, 71 = -2*c - 3*c + z. Let i = -4 - c. What are the prime factors of i?
11
Let d(c) = -c**3 - c**2 + c + 1. Let t be d(-2). Suppose 9*j - 4*j - 11 = -t*r, 5*j + 5 = 5*r. Suppose -6 = -u - j. What are the prime factors of u?
5
Let k = 1 + -19. Let h = 29 + k. Suppose 0 = f + 2, -5*p = 2*f - 0*f - h. List the prime factors of p.
3
Suppose -2*y + 4 = 2*h, 6*y = y - 3*h + 6. Suppose -2*k + 30 = i, -3*i + y*i + 12 = 0. List the prime factors of k.
13
Let q(k) = -4*k**3 - 1. Let n be q(-1). Suppose n*m = 13 + 5. Suppose 0*d = -3*d + m. What are the prime factors of d?
2
Suppose -2*i + 3*i - 28 = 0. Let x = i + -14. What are the prime factors of x?
2, 7
What are the prime factors of 8/(-24)*132/(-2)?
2, 11
Let x(y) = y**3 - y**2 - 2*y + 140. List the prime factors of x(0).
2, 5, 7
Let m(y) be the third derivative of y**5/60 - y**4/12 + y**3/2 + 2*y**2. Suppose 0 = -3*s + s + 6. List the prime factors of m(s).
2, 3
Let x = -12 - 6. Let z be 60/27 - (-4)/x. List the prime factors of (-1)/z - 42/(-4).
2, 5
Let q be (-2 - -3)/(4/16). Suppose -q*l = -4*c + 4, c - 3*l + 5 + 4 = 0. List the prime factors of c.
2, 3
Suppose -4*q - 5*n + 79 = 0, 8 + 35 = 2*q - n. Suppose q = 2*i - 27. Suppose 4*s - i = s. List the prime factors of s.
2
Suppose 12*y + 10 = 11*y. Let i = y + 21. List the prime factors of i.
11
Let d = -5 + 3. Let u = d + 6. Suppose o + o = 2*c + 4, u*c + 11 = 5*o. What are the prime factors of o?
3
Let d be -1*-1*(9 - 3). Let x(l) = -l**2 + 9*l - 2. List the prime factors of x(d).
2
Let u be (-4)/16 - (-17)/4. Suppose 2*q + 2*q - 43 = -5*l, u*q - 3*l - 51 = 0. List the prime factors of q.
2, 3
Suppose -4 = -0*f - f. Let d = -4 + f. Suppose -2*v - 2*v + 20 = d. What are the prime factors of v?
5
Let p(t) = -t**2 - 6*t + 14. Let c be p(-6). Let q = c - 4. What are the prime factors of q?
2, 5
Suppose 15*m + 0*m - 3195 = 0. What are the prime factors of m?
3, 71
Let v(g) = g**3 - 9*g**2 + 11*g + 3. Suppose -4*m + 0*m = 4*w - 40, 4*m + 2*w - 36 = 0. List the prime factors of v(m).
3
Suppose k + 4*k - 10 = 0. Suppose -g = -k - 1, -3*y = -2*g - 45. What are the prime factors of y?
17
Let t(i) = 2*i**2 - 2*i - 3. Let b(y) = -y + 3. Let d be b(5). Let k be t(d). Let a = -2 + k. What are the prime factors of a?
7
Suppose a - 3*a = -8. Suppose 26 = a*r - 3*r. Suppose 4*s + 11 = -k, -k - r = -3*k + 4*s. What are the prime factors of k?
5
What are the prime factors of (-9)/(-6) - (-978)/12?
83
Let g be 35/(-5)*(-1 - -2). Let s(b) = -4*b - 20. What are the prime factors of s(g)?
2
Let i be (-57)/(-4) + (-5)/20. Let r be (-932)/(-28) + (-4)/i. Suppose 0 = -2*f + 6*x - 4*x + 16, -f - 4*x + r = 0. What are the prime factors of f?
13
Suppose 10 = 6*o - o. Let h = o - -2. Suppose 4*i - 13 = 2*v - 35, -h*v - 4*i + 32 = 0. What are the prime factors of v?
3
Suppose -d + 7 = -0*d + 4*r, -66 = -2*d + 5*r. List the prime factors of d.
23
Suppose 4*f = 3*f - 10. Let t(m) = -m**2 - 4*m + 2. Let s be t(-4). List the prime factors of (-104)/f + s/(-5).
2, 5
Suppose 6*h - 10*h + 24 = 0. Let g(l) = -l + 5*l - l - 9. List the prime factors of g(h).
3
Suppose -4*s + 2*b = -12, 2*s + 4*b = -0*b + 6. Suppose -s*x + 0*x = -60. Suppose 0 = -3*k + x + 7. What are the prime factors of k?
3
Suppose -4*i + 7*i - 70 = -5*b, 0 = 4*i + 2*b - 98. List the prime factors of i.
5
Suppose 10 = 5*x - 0. Suppose -b = -u, -x*b - 10 = -4*b. List the prime factors of u.
5
Let g(i) be the first derivative of -i**4/4 - i**3 + i**2 + 4*i + 3. Let o be g(-3). What are the prime factors of o/3 - 41/(-3)?
13
Let w(g) = g**3 - 2*g**2 - 1. Let q be w(3). Suppose -3*b = -47 + q. List the prime factors of b.
13
Let o = -18 - -37. What are the prime factors of o?
19
Let d(a) = -a**2 + a. Let p be d(0). Suppose p*k = -k. Suppose -5*v = -2*x - 49 - 4, k = -2*v + 4*x + 34. List the prime factors of v.
3
Let a(x) = 26*x - 8. List the prime factors of a(3).
2, 5, 7
Let x = 29 - -9. What are the prime factors of x?
2, 19
Let z(p) = 45*p**2 - 5*p - 3. What are the prime factors of z(-2)?
11, 17
Let r(t) = -18*t**3 + 17*t**3 - 5*t + t - 3*t**2 - 1. List the prime factors of r(-4).
31
Let f(c) = c**2 + 6*c - 8. Let z be f(-7). List the prime factors of -7*(0 + (z - 1)).
2, 7
Suppose -3*d + 2*d = -2. Suppose 2*o + 3*u - d = -10, 0 = -u - 4. Suppose o*c + g = 28, 3*c + 26 = -g + 67. What are the prime factors of c?
13
Let f(p) = 6*p. Let v be f(2). What are the prime factors of (-16)/v*6/(-4)?
2
Suppose 5*b = 15, b - 6*b - 335 = -5*o. List the prime factors of o.
2, 5, 7
Suppose 127 = 5*f + 27. Suppose 0 = -2*g - 4, -5*r + 21 = 2*g - f. What are the prime factors of r?
3
Suppose 2 = -2*g, -3*i - 3*g = -g + 8. Let k be (-2)/4 - 7/2. Let l = i - k. What are the prime factors of l?
2
Let n(s) = 4 - 10*s + 1 + 0 + 11 + s**2. What are the prime factors of n(11)?
3
Suppose 0 = -3*u - 38 + 95. List the prime factors of u.
19
Let b = 29 + -19. Let g = -31 + b. List the prime factors of ((-52)/(-6))/((-14)/g).
13
Suppose -10*c + 13*c - 24 = 0. List the prime factors of c.
2
Let q(i) = -i**3 - 5*i**2 - 11*i - 40. List the prime factors of q(-5).
3, 5
Suppose -2*x = -8, 4*x + 21 = 4*j + 77. What are the prime factors of 3*j/(-24)*8?
2, 5
What are the prime factors of (-3)/(726/244 - 3)?
2, 61
Let o be 8/12*114/4. Let c = -9 + o. What are the prime factors of c?
2, 5
Let n be 2 + -3 - (-5 - 2). Suppose n*g - 52 = 2*g. List the prime factors of g.
13
Let z(t) = -t**3 - 2*t**2 - 4*t + 1. Let j be z(-5). Suppose -j = -4*q - h, 2*h - 11 + 72 = 3*q. List the prime factors of q.
23
Let x be (-1)/(-6) - 1/6. Suppose x = 6*w - 4*w - 18. What are the prime factors of w?
3
Let p(l) = -l**2 + 4. Let h(o) = -3*o**2 + o + 12. Let y(t) = 2*h(t) - 7*p(t). Let m = 11 + -16. What are the prime factors of y(m)?
11
Let z(t) = -2*t - 2. Let v be z(2). Let n(i) = i**2 + 4*i - 5. Let f be n(v). Let g = f - 2. What are the prime factors of g?
5
Let s = 22 + -8. Suppose 0 = 5*q + s - 39. What are the prime factors of (-23)/(-5) - (-2)/q?
5
Suppose -3*q + 37 = 1. List the prime factors of q.
2, 3
Let l(i) = -2*i**2 + 2*i - 1. Let r be l(1). Let c be 0 + r + -14 + 2. What are the prime factors of c/(-3) + 2/(-6)?
2
Suppose -30 = -5*k + 3*a + 2*a, 5*a = k - 22. Let d be 2 + 6*k/3. Let m = 0 + d. List the prime factors of m.
2, 3
Let b = -6 + 8. Suppose -16 = -2*t + 2*j, -b*t = -3*t - j. List the prime factors of t.
2
Let k(b) = -11*b**3 - 3*b**2 + 2*b + 6. What are the prime factors of k(-3)?
2, 3, 5
Let y be -2*(-2)/8*2. Suppose 37 - 1 = 4*r. List the prime factors of (y*2)/(2/r).
3
Let r(m) = -m**3 - 4*m**2 - 4*m. Let o be r(-3). Let l(x) = 5 - 6*x**2 + 4*x**2 + o*x + x**2 - 9*x. What are the prime factors of l(-6)?
5
Let b be (0 + 0)/(-2 - -1). Suppose -4*f + 16 = -b. Suppose f*i - 6 = 2*i. What are the prime factors of i?
3
Suppose 4*h + 2*d = 0, -5*h = -4*h + 2*d + 3. Let s be (-11)/(-1) - (1 - h). Let a = 19 - s. What are the prime factors of a?
2
Suppose -113 = -3*c + 7. What are the prime factors of c?
2, 5
Let b(d) = -d**3 + 5*d**2 - 3*d + 3. List the prime factors of b(3).
2, 3
Suppose 2*d + 5*u = -10, 5 = -5*u - 15. Suppose -d*k + 126 + 14 = 0. What are the prime factors of k?
2, 7
Let u(w) = 26*w - 3. Suppose -n + 4*o + 22 = 0, 2*n + 5*o + 29 = 4*n. List the prime factors of u(n).
7
What are the prime factors of 3/6 - (-4)/(24/489)?
2, 41
Let x(s) = s**2 + 12*s - 14. What are the prime factors of x(-14)?
2, 7
Let b be 3 - (0/(-1) - 2). Let x = b - 7. List the prime factors of (-5)/10 + (-13)/x.
2, 3
Let p be (-6)/(-2)*(-1)/3. Let d(c) = -4*c - 1. Let h be d(p). Suppose -5*m + 26 = h*u - 10, -2*u + 11 = -m. What are the prime factors of u?
7
Suppose 4*m + 2 = 5*m. Suppose -5*s = 25, m*t - 19 = 5*s + 26. What are the prime factors of t?
2, 5
Let w(b) = b**3 - 3*b**2 - 2*b - 5. Let p be w(4). Suppose p*h = -2*h + 60. List the prime factors of h.
2, 3
Let y be 8/44 + 150/22. Suppose u = -5*x - 23, 5*u + 4*